{"id":2577,"date":"2025-01-22T20:58:41","date_gmt":"2025-01-22T19:58:41","guid":{"rendered":"https:\/\/skytax.be\/?page_id=2577"},"modified":"2025-06-01T22:24:31","modified_gmt":"2025-06-01T20:24:31","slug":"notre-equipe","status":"publish","type":"page","link":"https:\/\/skytax.be\/index.php\/notre-equipe\/","title":{"rendered":"Notre Equipe"},"content":{"rendered":"\t\t<div data-elementor-type=\"wp-page\" data-elementor-id=\"2577\" class=\"elementor elementor-2577\">\n\t\t\t\t<div class=\"elementor-element elementor-element-46eeab0 e-flex e-con-boxed e-con e-parent\" data-id=\"46eeab0\" data-element_type=\"container\" data-settings=\"{&quot;background_background&quot;:&quot;classic&quot;}\">\n\t\t\t\t\t<div class=\"e-con-inner\">\n\t\t\t\t<div class=\"elementor-element elementor-element-0a3d767 elementor-widget elementor-widget-heading\" data-id=\"0a3d767\" data-element_type=\"widget\" data-widget_type=\"heading.default\">\n\t\t\t\t<div class=\"elementor-widget-container\">\n\t\t\t\t\t<h2 class=\"elementor-heading-title elementor-size-default\">Des professionnels d\u00e9di\u00e9s \u00e0 votre r\u00e9ussite\u200b<\/h2>\t\t\t\t<\/div>\n\t\t\t\t<\/div>\n\t\t\t\t<div class=\"elementor-element elementor-element-23f22b0 elementor-widget elementor-widget-text-editor\" data-id=\"23f22b0\" data-element_type=\"widget\" data-widget_type=\"text-editor.default\">\n\t\t\t\t<div class=\"elementor-widget-container\">\n\t\t\t\t\t\t\t\t\t<p>Chez SkyTax, l\u2019humain est au c\u0153ur de notre expertise. Notre \u00e9quipe est compos\u00e9e de professionnels certifi\u00e9s, dynamiques et passionn\u00e9s, qui vous accompagnent \u00e0 chaque \u00e9tape de la vie de votre entreprise.<\/p>\t\t\t\t\t\t\t\t<\/div>\n\t\t\t\t<\/div>\n\t\t\t\t\t<\/div>\n\t\t\t\t<\/div>\n\t\t<div class=\"elementor-element elementor-element-51e6ac8 e-flex e-con-boxed e-con e-parent\" data-id=\"51e6ac8\" data-element_type=\"container\" data-settings=\"{&quot;background_background&quot;:&quot;classic&quot;}\">\n\t\t\t\t\t<div class=\"e-con-inner\">\n\t\t<div class=\"elementor-element elementor-element-aa4e45b e-con-full e-grid e-con e-child\" data-id=\"aa4e45b\" data-element_type=\"container\">\n\t\t<div class=\"elementor-element elementor-element-3484b53 e-con-full e-flex e-con e-child\" data-id=\"3484b53\" data-element_type=\"container\">\n\t\t<div class=\"elementor-element elementor-element-610bbff e-con-full e-flex e-con e-child\" data-id=\"610bbff\" data-element_type=\"container\">\n\t\t\t\t<div class=\"elementor-element elementor-element-a8ef140 elementor-widget__width-inherit elementor-widget-tablet__width-inherit elementor-widget-mobile__width-inherit elementor-vertical-align-top elementor-widget elementor-widget-icon-box\" data-id=\"a8ef140\" data-element_type=\"widget\" data-widget_type=\"icon-box.default\">\n\t\t\t\t<div class=\"elementor-widget-container\">\n\t\t\t\t\t\t\t<div class=\"elementor-icon-box-wrapper\">\n\n\t\t\t\n\t\t\t\t\t\t<div class=\"elementor-icon-box-content\">\n\n\t\t\t\t\t\t\t\t\t<h3 class=\"elementor-icon-box-title\">\n\t\t\t\t\t\t<span  >\n\t\t\t\t\t\t\tYassine Karraz\t\t\t\t\t\t<\/span>\n\t\t\t\t\t<\/h3>\n\t\t\t\t\n\t\t\t\t\t\t\t\t\t<p class=\"elementor-icon-box-description\">\n\t\t\t\t\t\tExpert-comptable\/fiscal certifi\u00e9 \n(Membre ITAA 10 706 877)<br><br>\nConsultant financier \u2013 Contr\u00f4leur financier\t\t\t\t\t<\/p>\n\t\t\t\t\n\t\t\t<\/div>\n\t\t\t\n\t\t<\/div>\n\t\t\t\t\t\t<\/div>\n\t\t\t\t<\/div>\n\t\t\t\t<div class=\"elementor-element elementor-element-a74b84e elementor-widget elementor-widget-ucaddon_3d_social_icon_buttons\" data-id=\"a74b84e\" data-element_type=\"widget\" data-widget_type=\"ucaddon_3d_social_icon_buttons.default\">\n\t\t\t\t<div class=\"elementor-widget-container\">\n\t\t\t\t\t\n<!-- start 3d Social Icon Buttons -->\n\t\t<link id='font-awesome-css' href='https:\/\/skytax.be\/wp-content\/plugins\/unlimited-elements-for-elementor\/assets_libraries\/font-awesome6\/fontawesome-all.min.css' type='text\/css' rel='stylesheet' >\n\t\t<link id='font-awesome-4-shim-css' href='https:\/\/skytax.be\/wp-content\/plugins\/unlimited-elements-for-elementor\/assets_libraries\/font-awesome6\/fontawesome-v4-shims.min.css' type='text\/css' rel='stylesheet' >\n\t\t<link id='uc_ac_assets_file_uc_3d_social_media_buttons_css_3283-css' href='https:\/\/skytax.be\/wp-content\/uploads\/ac_assets\/3d_social_media_buttons\/uc_3d_social_media_buttons.css' type='text\/css' rel='stylesheet' >\n\n\n<div class=\"uc_3d_social_media_buttons\"> \n        <div class=\"uc_3d_social-icon\">\n            <ul>\n               <li><a href=\"https:\/\/www.linkedin.com\/in\/yassinekarraz\/\" class=\"uc_twitter-small\" style=\"background-color:#a19bf8; box-shadow: 0 6px 0 #2695bc;\" ><i class=\"fab fa-linkedin\" aria-hidden=\"true\"><\/i><\/a><\/li>\n \n\t\t\t<\/ul>\n\t\t<\/div>\n    <\/div>\n<!-- end 3d Social Icon Buttons -->\t\t\t\t<\/div>\n\t\t\t\t<\/div>\n\t\t\t\t<\/div>\n\t\t\t\t<div class=\"elementor-element elementor-element-166edfe elementor-widget__width-initial elementor-widget elementor-widget-text-editor\" data-id=\"166edfe\" data-element_type=\"widget\" data-widget_type=\"text-editor.default\">\n\t\t\t\t<div class=\"elementor-widget-container\">\n\t\t\t\t\t\t\t\t\t<p>Titulaire d\u2019un bachelier en comptabilit\u00e9 fiscalit\u00e9 et d&rsquo;un Ex\u00e9cutive masters\u00a0 en sciences fiscales obtenu \u00e0 l\u2019ICHEC-ESSF, Yassine a poursuivi sa formation pour devenir expert-comptable et fiscaliste certifi\u00e9. Il a d\u00e9velopp\u00e9 une solide exp\u00e9rience en tant que consultant financier aupr\u00e8s de multinationales en participant \u00e0 des projets divers et vari\u00e9s chez Trifinance et Ernst &amp; Young (cabinet leader mondial dans le domaine du conseil). Ces exp\u00e9riences acquises aussi bien en Belgique qu&rsquo;\u00e0 l&rsquo;\u00e9tranger lui ont permis d\u2019acqu\u00e9rir une expertise pointue en gestion et en optimisation financi\u00e8re.<\/p><p>Reconnu pour son professionnalisme et sa rigueur, il a re\u00e7u la distinction de <strong>\u00ab\u00a0Model of the Company\u00a0\u00bb<\/strong> chez Trifinance. Parall\u00e8lement \u00e0 ses activit\u00e9s professionnelles, Yassine est passionn\u00e9 de sport : ancien comp\u00e9titeur national et international de karat\u00e9, il pratique \u00e9galement le football. Son parcours a m\u00eame fait l\u2019objet d\u2019un reportage t\u00e9l\u00e9vis\u00e9, t\u00e9moignant de sa d\u00e9termination et de sa polyvalence.<\/p><h5>\u00a0<\/h5>\t\t\t\t\t\t\t\t<\/div>\n\t\t\t\t<\/div>\n\t\t\t\t<\/div>\n\t\t\t\t<div class=\"elementor-element elementor-element-783c7e5 elementor-widget elementor-widget-image\" data-id=\"783c7e5\" data-element_type=\"widget\" data-widget_type=\"image.default\">\n\t\t\t\t<div class=\"elementor-widget-container\">\n\t\t\t\t\t\t\t\t\t\t\t\t\t\t\t<img decoding=\"async\" src=\"https:\/\/skytax.be\/wp-content\/uploads\/2025\/06\/work-hard.png\" title=\"work hard\" alt=\"work hard\" loading=\"lazy\" \/>\t\t\t\t\t\t\t\t\t\t\t\t\t\t\t<\/div>\n\t\t\t\t<\/div>\n\t\t\t\t<\/div>\n\t\t<div class=\"elementor-element elementor-element-3dc12de e-con-full e-grid e-con e-child\" data-id=\"3dc12de\" data-element_type=\"container\">\n\t\t<div class=\"elementor-element elementor-element-ac6606d e-con-full e-flex e-con e-child\" data-id=\"ac6606d\" data-element_type=\"container\">\n\t\t<div class=\"elementor-element elementor-element-55d8a18 e-con-full e-flex e-con e-child\" data-id=\"55d8a18\" data-element_type=\"container\">\n\t\t\t\t<div class=\"elementor-element elementor-element-8a1b852 elementor-widget__width-inherit elementor-widget-tablet__width-inherit elementor-widget-mobile__width-inherit elementor-vertical-align-top elementor-widget elementor-widget-icon-box\" data-id=\"8a1b852\" data-element_type=\"widget\" data-widget_type=\"icon-box.default\">\n\t\t\t\t<div class=\"elementor-widget-container\">\n\t\t\t\t\t\t\t<div class=\"elementor-icon-box-wrapper\">\n\n\t\t\t\n\t\t\t\t\t\t<div class=\"elementor-icon-box-content\">\n\n\t\t\t\t\t\t\t\t\t<h3 class=\"elementor-icon-box-title\">\n\t\t\t\t\t\t<span  >\n\t\t\t\t\t\t\tShaib Hammit\t\t\t\t\t\t<\/span>\n\t\t\t\t\t<\/h3>\n\t\t\t\t\n\t\t\t\t\t\t\t\t\t<p class=\"elementor-icon-box-description\">\n\t\t\t\t\t\tExpert-comptable fiscaliste (Membre ITAA 10 618 971)\n<br><br>\nSp\u00e9cialiste des PME\t\t\t\t\t<\/p>\n\t\t\t\t\n\t\t\t<\/div>\n\t\t\t\n\t\t<\/div>\n\t\t\t\t\t\t<\/div>\n\t\t\t\t<\/div>\n\t\t\t\t<div class=\"elementor-element elementor-element-cbb113a elementor-widget elementor-widget-ucaddon_3d_social_icon_buttons\" data-id=\"cbb113a\" data-element_type=\"widget\" data-widget_type=\"ucaddon_3d_social_icon_buttons.default\">\n\t\t\t\t<div class=\"elementor-widget-container\">\n\t\t\t\t\t\n<!-- start 3d Social Icon Buttons -->\n\n\n<div class=\"uc_3d_social_media_buttons\"> \n        <div class=\"uc_3d_social-icon\">\n            <ul>\n               <li><a href=\"https:\/\/www.linkedin.com\/in\/shaib-hammit-416a7684\/\" class=\"uc_twitter-small\" style=\"background-color:#a19bf8; box-shadow: 0 6px 0 #2695bc;\" ><i class=\"fab fa-linkedin\" aria-hidden=\"true\"><\/i><\/a><\/li>\n \n\t\t\t<\/ul>\n\t\t<\/div>\n    <\/div>\n<!-- end 3d Social Icon Buttons -->\t\t\t\t<\/div>\n\t\t\t\t<\/div>\n\t\t\t\t<\/div>\n\t\t\t\t<div class=\"elementor-element elementor-element-090fb31 elementor-widget__width-initial elementor-widget elementor-widget-text-editor\" data-id=\"090fb31\" data-element_type=\"widget\" data-widget_type=\"text-editor.default\">\n\t\t\t\t<div class=\"elementor-widget-container\">\n\t\t\t\t\t\t\t\t\t<p>Dipl\u00f4m\u00e9 de la Haute \u00c9cole Francisco Ferrer, Shaib a acquis plus de dix ans d\u2019exp\u00e9rience en fiduciaire avant de se lancer comme ind\u00e9pendant. Il conna\u00eet parfaitement les sp\u00e9cificit\u00e9s des TPE et PME, ce qui lui permet de proposer des solutions cibl\u00e9es en mati\u00e8re de gestion quotidienne et d\u2019optimisations fiscales.<\/p><p>En dehors du travail, Chaib est un sportif passionn\u00e9 : il pratique assid\u00fbment le football et s\u2019adonne \u00e9galement au padel. Sa double passion pour le sport et l\u2019entrepreneuriat illustre son dynamisme et sa volont\u00e9 de relever de nouveaux d\u00e9fis avec ses clients.<\/p><h3>\u00a0<\/h3>\t\t\t\t\t\t\t\t<\/div>\n\t\t\t\t<\/div>\n\t\t\t\t<\/div>\n\t\t\t\t<div class=\"elementor-element elementor-element-7641155 elementor-widget elementor-widget-image\" data-id=\"7641155\" data-element_type=\"widget\" data-widget_type=\"image.default\">\n\t\t\t\t<div class=\"elementor-widget-container\">\n\t\t\t\t\t\t\t\t\t\t\t\t\t\t\t<img fetchpriority=\"high\" decoding=\"async\" width=\"800\" height=\"666\" src=\"https:\/\/skytax.be\/wp-content\/uploads\/2025\/05\/ch.png\" class=\"attachment-large size-large wp-image-2833\" alt=\"\" srcset=\"https:\/\/skytax.be\/wp-content\/uploads\/2025\/05\/ch.png 800w, https:\/\/skytax.be\/wp-content\/uploads\/2025\/05\/ch-300x250.png 300w, https:\/\/skytax.be\/wp-content\/uploads\/2025\/05\/ch-768x639.png 768w, https:\/\/skytax.be\/wp-content\/uploads\/2025\/05\/ch-14x12.png 14w\" sizes=\"(max-width: 800px) 100vw, 800px\" \/>\t\t\t\t\t\t\t\t\t\t\t\t\t\t\t<\/div>\n\t\t\t\t<\/div>\n\t\t\t\t<\/div>\n\t\t\t\t\t<\/div>\n\t\t\t\t<\/div>\n\t\t\t\t<\/div>\n\t\t","protected":false},"excerpt":{"rendered":"<p>Des professionnels d\u00e9di\u00e9s \u00e0 votre r\u00e9ussite\u200b Chez SkyTax, l\u2019humain est au c\u0153ur de notre expertise. Notre \u00e9quipe est compos\u00e9e de [&hellip;]<\/p>\n","protected":false},"author":1,"featured_media":0,"parent":0,"menu_order":0,"comment_status":"closed","ping_status":"closed","template":"","meta":{"site-sidebar-layout":"no-sidebar","site-content-layout":"","ast-site-content-layout":"full-width-container","site-content-style":"default","site-sidebar-style":"default","ast-global-header-display":"","ast-banner-title-visibility":"","ast-main-header-display":"","ast-hfb-above-header-display":"","ast-hfb-below-header-display":"","ast-hfb-mobile-header-display":"","site-post-title":"disabled","ast-breadcrumbs-content":"","ast-featured-img":"disabled","footer-sml-layout":"","theme-transparent-header-meta":"","adv-header-id-meta":"","stick-header-meta":"","header-above-stick-meta":"","header-main-stick-meta":"","header-below-stick-meta":"","astra-migrate-meta-layouts":"default","ast-page-background-enabled":"default","ast-page-background-meta":{"desktop":{"background-color":"var(--ast-global-color-4)","background-image":"","background-repeat":"repeat","background-position":"center center","background-size":"auto","background-attachment":"scroll","background-type":"","background-media":"","overlay-type":"","overlay-color":"","overlay-opacity":"","overlay-gradient":""},"tablet":{"background-color":"","background-image":"","background-repeat":"repeat","background-position":"center center","background-size":"auto","background-attachment":"scroll","background-type":"","background-media":"","overlay-type":"","overlay-color":"","overlay-opacity":"","overlay-gradient":""},"mobile":{"background-color":"","background-image":"","background-repeat":"repeat","background-position":"center center","background-size":"auto","background-attachment":"scroll","background-type":"","background-media":"","overlay-type":"","overlay-color":"","overlay-opacity":"","overlay-gradient":""}},"ast-content-background-meta":{"desktop":{"background-color":"var(--ast-global-color-5)","background-image":"","background-repeat":"repeat","background-position":"center center","background-size":"auto","background-attachment":"scroll","background-type":"","background-media":"","overlay-type":"","overlay-color":"","overlay-opacity":"","overlay-gradient":""},"tablet":{"background-color":"var(--ast-global-color-5)","background-image":"","background-repeat":"repeat","background-position":"center center","background-size":"auto","background-attachment":"scroll","background-type":"","background-media":"","overlay-type":"","overlay-color":"","overlay-opacity":"","overlay-gradient":""},"mobile":{"background-color":"var(--ast-global-color-5)","background-image":"","background-repeat":"repeat","background-position":"center center","background-size":"auto","background-attachment":"scroll","background-type":"","background-media":"","overlay-type":"","overlay-color":"","overlay-opacity":"","overlay-gradient":""}},"footnotes":""},"class_list":["post-2577","page","type-page","status-publish","hentry"],"jetpack_sharing_enabled":true,"_links":{"self":[{"href":"https:\/\/skytax.be\/index.php\/wp-json\/wp\/v2\/pages\/2577","targetHints":{"allow":["GET"]}}],"collection":[{"href":"https:\/\/skytax.be\/index.php\/wp-json\/wp\/v2\/pages"}],"about":[{"href":"https:\/\/skytax.be\/index.php\/wp-json\/wp\/v2\/types\/page"}],"author":[{"embeddable":true,"href":"https:\/\/skytax.be\/index.php\/wp-json\/wp\/v2\/users\/1"}],"replies":[{"embeddable":true,"href":"https:\/\/skytax.be\/index.php\/wp-json\/wp\/v2\/comments?post=2577"}],"version-history":[{"count":31,"href":"https:\/\/skytax.be\/index.php\/wp-json\/wp\/v2\/pages\/2577\/revisions"}],"predecessor-version":[{"id":2976,"href":"https:\/\/skytax.be\/index.php\/wp-json\/wp\/v2\/pages\/2577\/revisions\/2976"}],"wp:attachment":[{"href":"https:\/\/skytax.be\/index.php\/wp-json\/wp\/v2\/media?parent=2577"}],"curies":[{"name":"wp","href":"https:\/\/api.w.org\/{rel}","templated":true}]}}